{"id":137,"date":"2018-02-05T14:28:46","date_gmt":"2018-02-05T13:28:46","guid":{"rendered":"http:\/\/wp-isite.urbiloglabs.fr\/?page_id=137"},"modified":"2018-09-26T09:57:05","modified_gmt":"2018-09-26T07:57:05","slug":"la-fondation","status":"publish","type":"page","link":"https:\/\/wp-isite.urbiloglabs.fr\/index.php\/fr\/la-fondation\/","title":{"rendered":"I-SITE, un label d\u2019universit\u00e9 d\u2019excellence"},"content":{"rendered":"<p><img loading=\"lazy\" class=\"alignleft size-thumbnail wp-image-1824\" src=\"https:\/\/wp-isite.urbiloglabs.fr\/wp-content\/uploads\/2018\/05\/LOGO_Investirlavenir_RVB-150x150.png\" alt=\"\" width=\"150\" height=\"150\" \/><\/p>\n<p>Sous l\u2019\u00e9gide du <a href=\"http:\/\/www.gouvernement.fr\/secretariat-general-pour-l-investissement-sgpi\" target=\"_blank\" rel=\"noopener\"><span class=\"bold\">Secr\u00e9tariat G\u00e9n\u00e9ral pour l&rsquo;investissement (SGPI)<\/span><\/a>, le <span class=\"bold\">Programme Investissements d\u2019Avenir*<\/span> a \u00e9t\u00e9 lanc\u00e9 en 2010 (PIA 1) puis en 2013 (PIA 2). Il fait suite au rapport sur le \u00ab\u00a0<span class=\"bold\">Grand Emprunt<\/span>\u00a0\u00bb remis en 2009 par une commission d\u2019experts du monde acad\u00e9mique et du monde de l\u2019entreprise. Ce programme constitue une opportunit\u00e9 unique, les projets retenus b\u00e9n\u00e9ficiant de moyens leur permettant de mettre en \u0153uvre une <span class=\"bold\">politique d\u2019excellence sur le long terme<\/span>, de d\u00e9velopper des interactions avec leur environnement \u00e9conomique, et d\u2019attirer des \u00e9quipes de chercheurs de renomm\u00e9e internationale.<\/p>\n<p>L\u2019action IDEX\/I-SITE du Programme d\u2019Investissements d\u2019Avenir a pour but de s\u00e9lectionner :<\/p>\n<ul>\n<li>Des IDEX (Initiatives d\u2019Excellence), \u00a0qui sont des universit\u00e9s de recherche de rayonnement mondial disposant d\u2019une puissance et d\u2019un impact scientifique de tout premier plan dans de larges champs de la connaissance\u00a0;<\/li>\n<li>Des I-SITE (Initiatives-Science \u2013 Innovation \u2013Territoires \u2013 Economie), universit\u00e9s qui valorisent des atouts scientifiques th\u00e9matiques plus concentr\u00e9s, distinctifs, reconnus sur le plan international, et qui en font un levier d\u2019entra\u00eenement et un point d\u2019appui de leur strat\u00e9gie de d\u00e9veloppement et de partenariat avec le monde \u00e9conomique.<\/li>\n<\/ul>\n<p>Depuis 2010, l\u2019<a href=\"http:\/\/www.agence-nationale-recherche.fr\/\">Agence Nationale de la Recherche (ANR)<\/a> est le principal op\u00e9rateur de l\u2019Etat sur le volet enseignement sup\u00e9rieur et recherche des Investissements d\u2019Avenir.<\/p>\n<p class=\"paragraph-orange\">Labellis\u00e9 I-SITE en f\u00e9vrier 2017, le projet d\u2019Universit\u00e9 Lille Nord-Europe (ULNE) f\u00e9d\u00e8re <a href=\"https:\/\/wp-isite.urbiloglabs.fr\/index.php\/le-consortium\/\"><span class=\"bold\">14 membres fondateurs<\/span><\/a> avec pour objectif de transformer le paysage de la recherche et de la formation en r\u00e9gion Hauts-de- France, en renfor\u00e7ant et en diffusant son excellence. Son but consiste en la cr\u00e9ation d&rsquo;une grande universit\u00e9 internationale, class\u00e9e parmi les 50 premi\u00e8res en Europe avant 10 ans : l\u2019Universit\u00e9 Lille Nord-Europe (ULNE).<br \/>\n<span class=\"bold\">Sant\u00e9, Plan\u00e8te et Monde num\u00e9rique<\/span> : le projet est structur\u00e9 autour de trois th\u00e9matiques de recherche interconnect\u00e9es couvrant un spectre disciplinaire large. L\u2019internationalisation, l\u2019innovation p\u00e9dagogique et la valorisation sont \u00e9galement au c\u0153ur de ses priorit\u00e9s. Le <a href=\"https:\/\/wp-isite.urbiloglabs.fr\/index.php\/perimetre-dexcellence-de-li-site-peridex\/\">p\u00e9rim\u00e8tre de l\u2019I-SITE<\/a> englobe d\u2019autres objets labellis\u00e9s par le PIA\u00a0: 4 Laboratoires d\u2019Excellence, 6 \u00e9quipements d\u2019Excellence, 1ITE, 1 IDEFI, 1RHU et 1 SAAT.<br \/>\n<strong><a href=\"https:\/\/wp-isite.urbiloglabs.fr\/index.php\/le-consortium\/\" target=\"_blank\" rel=\"noopener\">&gt; Le consortium<\/a> (membres fondateurs du projet)<\/strong><a href=\"https:\/\/wp-isite.urbiloglabs.fr\/index.php\/les-partenaires\/\"><br \/>\n<strong> &gt; Les partenaires<\/strong><\/a><\/p>\n<p>*Dot\u00e9 de 57 milliards d\u2019euros, le Programme d\u2019Investissements d&rsquo;Avenir (PIA), pilot\u00e9 par le <a href=\"http:\/\/www.gouvernement.fr\/secretariat-general-pour-l-investissement-sgpi\" target=\"_blank\" rel=\"noopener\"><span class=\"bold\">Secr\u00e9tariat G\u00e9n\u00e9ral pour l&rsquo;investissement (SGPI)<\/span><\/a>, a \u00e9t\u00e9 mis en place par l\u2019Etat pour financer des investissements innovants et prometteurs sur le territoire. Six priorit\u00e9s nationales ont ainsi \u00e9t\u00e9 identifi\u00e9es afin de permettre \u00e0 la France d\u2019augmenter son potentiel de croissance et d\u2019emplois:<\/p>\n<ul>\n<li>l\u2019enseignement sup\u00e9rieur, la recherche et la formation\u00a0;<\/li>\n<li>la valorisation de la recherche et le transfert au monde \u00e9conomique\u00a0;<\/li>\n<li>le d\u00e9veloppement durable\u00a0;<\/li>\n<li>l\u2019industrie et les PME\u00a0;<\/li>\n<li>l\u2019\u00e9conomie num\u00e9rique\u00a0;<\/li>\n<li>la sant\u00e9 et les biotechnologies.<\/li>\n<\/ul>\n<p>Le groupe Caisse des D\u00e9p\u00f4ts est le premier op\u00e9rateur PIA de l\u2019Etat avec la gestion de plus de 23 milliards d\u2019euros.<\/p>\n<p>Pour tout connaitre sur le Programme d\u2018Investissements d\u2019Avenir <a href=\"http:\/\/www.gouvernement.fr\/secretariat-general-pour-l-investissement-sgpi\" target=\"_blank\" rel=\"noopener\">http:\/\/www.gouvernement.fr\/secretariat-general-pour-l-investissement-sgpi<\/a><\/p>\n","protected":false},"excerpt":{"rendered":"<p>Sous l\u2019\u00e9gide du Secr\u00e9tariat G\u00e9n\u00e9ral pour l&rsquo;investissement (SGPI), le Programme Investissements d\u2019Avenir* a \u00e9t\u00e9 lanc\u00e9 en 2010 (PIA 1) puis en 2013 (PIA 2). Il fait suite au rapport sur le \u00ab\u00a0Grand Emprunt\u00a0\u00bb remis en 2009 par une commission d\u2019experts du monde acad\u00e9mique et du monde de l\u2019entreprise. Ce programme constitue une opportunit\u00e9 unique, les &hellip; <a href=\"https:\/\/wp-isite.urbiloglabs.fr\/index.php\/fr\/la-fondation\/\" class=\"more-link\">Continuer la lecture<span class=\"screen-reader-text\"> de &laquo;&nbsp;I-SITE, un label d\u2019universit\u00e9 d\u2019excellence&nbsp;&raquo;<\/span><\/a><\/p>\n","protected":false},"author":2,"featured_media":0,"parent":0,"menu_order":0,"comment_status":"closed","ping_status":"closed","template":"","meta":[],"_links":{"self":[{"href":"https:\/\/wp-isite.urbiloglabs.fr\/index.php\/wp-json\/wp\/v2\/pages\/137"}],"collection":[{"href":"https:\/\/wp-isite.urbiloglabs.fr\/index.php\/wp-json\/wp\/v2\/pages"}],"about":[{"href":"https:\/\/wp-isite.urbiloglabs.fr\/index.php\/wp-json\/wp\/v2\/types\/page"}],"author":[{"embeddable":true,"href":"https:\/\/wp-isite.urbiloglabs.fr\/index.php\/wp-json\/wp\/v2\/users\/2"}],"replies":[{"embeddable":true,"href":"https:\/\/wp-isite.urbiloglabs.fr\/index.php\/wp-json\/wp\/v2\/comments?post=137"}],"version-history":[{"count":26,"href":"https:\/\/wp-isite.urbiloglabs.fr\/index.php\/wp-json\/wp\/v2\/pages\/137\/revisions"}],"predecessor-version":[{"id":3818,"href":"https:\/\/wp-isite.urbiloglabs.fr\/index.php\/wp-json\/wp\/v2\/pages\/137\/revisions\/3818"}],"wp:attachment":[{"href":"https:\/\/wp-isite.urbiloglabs.fr\/index.php\/wp-json\/wp\/v2\/media?parent=137"}],"curies":[{"name":"wp","href":"https:\/\/api.w.org\/{rel}","templated":true}]}}