{"id":163,"date":"2018-02-05T15:26:13","date_gmt":"2018-02-05T14:26:13","guid":{"rendered":"http:\/\/wp-isite.urbiloglabs.fr\/?page_id=163"},"modified":"2018-04-10T10:31:22","modified_gmt":"2018-04-10T08:31:22","slug":"une-fondation-partenariale-pour-accompagner-le-projet-i-site-ulne","status":"publish","type":"page","link":"https:\/\/wp-isite.urbiloglabs.fr\/index.php\/fr\/une-fondation-partenariale-pour-accompagner-le-projet-i-site-ulne\/","title":{"rendered":"Une fondation partenariale"},"content":{"rendered":"<p>Cr\u00e9\u00e9e en janvier 2018, la Fondation I-SITE ULNE est la structure qui accompagne la r\u00e9alisation du <a href=\"https:\/\/wp-isite.urbiloglabs.fr\/wp-content\/uploads\/2018\/02\/Projet-I-SITE-ULNE-VF.pdf\" target=\"_blank\" rel=\"noopener\">projet \u00ab\u00a0Universit\u00e9 Lille Nord-Europe\u00a0\u00bb<\/a>. En faisant collaborer les \u00e9tablissements d\u2019enseignement sup\u00e9rieur et de recherche, mais \u00e9galement de nombreux acteurs du monde socio-\u00e9conomique, le projet a d\u00e9montr\u00e9 l\u2019ambition partag\u00e9e de cr\u00e9er une universit\u00e9 \u00a0internationalement reconnue\u00a0: l\u2019Universit\u00e9 Lille Nord-Europe, capable de figurer parmi les plus grandes universit\u00e9s europ\u00e9ennes.<\/p>\n<h1 class=\"entry-title\">Chiffres cl\u00e9s (au d\u00e9but du projet)<\/h1>\n<p class=\"paragraph-orange\"><strong><span style=\"color: #e94e00;\">14<\/span> membres fondateurs<\/strong><br \/>\n<strong> <span style=\"color: #e94e00;\">190<\/span> entreprises engag\u00e9es<\/strong><br \/>\n<strong> <span style=\"color: #e94e00;\">15<\/span> millions d&rsquo;euros de dotation annuelle sp\u00e9cifique<\/strong><br \/>\n<strong> <span style=\"color: #e94e00;\">74000<\/span> \u00e9tudiants<\/strong><br \/>\n<strong> <span style=\"color: #e94e00;\">2100<\/span> doctorants<\/strong><br \/>\n<strong> <span style=\"color: #e94e00;\">720<\/span> brevets<\/strong><br \/>\n<strong> <span style=\"color: #e94e00;\">4<\/span> laboratoires d&rsquo;excellence et <span style=\"color: #e94e00;\">6<\/span> \u00e9quipements d&rsquo;excellence<\/strong><\/p>\n<p>&nbsp;<\/p>\n<p>&nbsp;<\/p>\n<header class=\"entry-header\"><\/header>\n","protected":false},"excerpt":{"rendered":"<p>Cr\u00e9\u00e9e en janvier 2018, la Fondation I-SITE ULNE est la structure qui accompagne la r\u00e9alisation du projet \u00ab\u00a0Universit\u00e9 Lille Nord-Europe\u00a0\u00bb. En faisant collaborer les \u00e9tablissements d\u2019enseignement sup\u00e9rieur et de recherche, mais \u00e9galement de nombreux acteurs du monde socio-\u00e9conomique, le projet a d\u00e9montr\u00e9 l\u2019ambition partag\u00e9e de cr\u00e9er une universit\u00e9 \u00a0internationalement reconnue\u00a0: l\u2019Universit\u00e9 Lille Nord-Europe, capable de &hellip; <a href=\"https:\/\/wp-isite.urbiloglabs.fr\/index.php\/fr\/une-fondation-partenariale-pour-accompagner-le-projet-i-site-ulne\/\" class=\"more-link\">Continuer la lecture<span class=\"screen-reader-text\"> de &laquo;&nbsp;Une fondation partenariale&nbsp;&raquo;<\/span><\/a><\/p>\n","protected":false},"author":2,"featured_media":0,"parent":0,"menu_order":0,"comment_status":"closed","ping_status":"closed","template":"","meta":[],"_links":{"self":[{"href":"https:\/\/wp-isite.urbiloglabs.fr\/index.php\/wp-json\/wp\/v2\/pages\/163"}],"collection":[{"href":"https:\/\/wp-isite.urbiloglabs.fr\/index.php\/wp-json\/wp\/v2\/pages"}],"about":[{"href":"https:\/\/wp-isite.urbiloglabs.fr\/index.php\/wp-json\/wp\/v2\/types\/page"}],"author":[{"embeddable":true,"href":"https:\/\/wp-isite.urbiloglabs.fr\/index.php\/wp-json\/wp\/v2\/users\/2"}],"replies":[{"embeddable":true,"href":"https:\/\/wp-isite.urbiloglabs.fr\/index.php\/wp-json\/wp\/v2\/comments?post=163"}],"version-history":[{"count":19,"href":"https:\/\/wp-isite.urbiloglabs.fr\/index.php\/wp-json\/wp\/v2\/pages\/163\/revisions"}],"predecessor-version":[{"id":1498,"href":"https:\/\/wp-isite.urbiloglabs.fr\/index.php\/wp-json\/wp\/v2\/pages\/163\/revisions\/1498"}],"wp:attachment":[{"href":"https:\/\/wp-isite.urbiloglabs.fr\/index.php\/wp-json\/wp\/v2\/media?parent=163"}],"curies":[{"name":"wp","href":"https:\/\/api.w.org\/{rel}","templated":true}]}}