{"id":175,"date":"2018-02-05T15:35:15","date_gmt":"2018-02-05T14:35:15","guid":{"rendered":"http:\/\/wp-isite.urbiloglabs.fr\/?page_id=175"},"modified":"2018-12-12T16:31:43","modified_gmt":"2018-12-12T15:31:43","slug":"perimetre-dexcellence-de-li-site-peridex","status":"publish","type":"page","link":"https:\/\/wp-isite.urbiloglabs.fr\/index.php\/fr\/perimetre-dexcellence-de-li-site-peridex\/","title":{"rendered":"Nos comp\u00e9tences phares (Labex, ERC&#8230;)"},"content":{"rendered":"<p>Le projet d\u2019I-SITE ULNE est fond\u00e9 sur des forces scientifiques objectivement d\u00e9finies. Ce p\u00e9rim\u00e8tre d&rsquo;excellence (P\u00e9ridex) englobe ainsi \u00a0les objets du PIA g\u00e9r\u00e9s par le consortium, les projets subventionn\u00e9s par le <a href=\"https:\/\/erc.europa.eu\/\" target=\"_blank\" rel=\"noopener\">Conseil europ\u00e9en de la recherche (ERC)<\/a>, les projets labellis\u00e9s H2020 coordonn\u00e9s par le consortium, les membres de l\u2019<a href=\"http:\/\/www.iufrance.fr\/\" target=\"_blank\" rel=\"noopener\">Institut universitaire de France (IUF)<\/a> et le <a href=\"http:\/\/www.oncolille.fr\/\" target=\"_blank\" rel=\"noopener\">SIRIC OncoLille<\/a>.<\/p>\n<p><img loading=\"lazy\" class=\"alignleft size-large wp-image-4231\" src=\"https:\/\/wp-isite.urbiloglabs.fr\/wp-content\/uploads\/2018\/12\/Peridex-688x1024.jpg\" alt=\"\" width=\"688\" height=\"1024\" \/><\/p>\n<h2><\/h2>\n<h2><span style=\"color: #e94e00;\">Objets du PIA g\u00e9r\u00e9s par le consortium :<\/span><\/h2>\n<h3>Laboratoires d&rsquo;excellence :<\/h3>\n<ul>\n<li><a href=\"http:\/\/labex-cappa.fr\" target=\"_blank\" rel=\"noopener\">LabEx CAPPA<\/a><\/li>\n<\/ul>\n<p><img loading=\"lazy\" class=\"size-medium wp-image-254 alignnone\" src=\"https:\/\/wp-isite.urbiloglabs.fr\/wp-content\/uploads\/2018\/02\/cappa-300x123.png\" alt=\"\" width=\"300\" height=\"123\" \/><\/p>\n<p><em>Coordinateur : <a href=\"mailto:denis.petitprez@univ-lille.fr\">Denis Petitprez<\/a><\/em><\/p>\n<ul>\n<li><a href=\"http:\/\/math.univ-lille1.fr\/~cempi\/\" target=\"_blank\" rel=\"noopener\">LabEx CEMPI<\/a> (Centre europ\u00e9en sur les math\u00e9matiques, la physique, et leurs interactions)<\/li>\n<\/ul>\n<p><img loading=\"lazy\" class=\"size-full wp-image-426 alignnone\" src=\"https:\/\/wp-isite.urbiloglabs.fr\/wp-content\/uploads\/2018\/02\/logo_cempi.png\" alt=\"\" width=\"456\" height=\"126\" \/><\/p>\n<p>&nbsp;<\/p>\n<p><em>Responsable scientifique : <a href=\"mailto:stephan.de-bievre@univ-lille.fr\" target=\"_blank\" rel=\"noopener\">Stephan De Bi\u00e8vre<\/a><\/em><\/p>\n<ul>\n<li><a href=\"http:\/\/distalz.univ-lille2.fr\/\" target=\"_blank\" rel=\"noopener\">LabEx DISTALZ<\/a> (Maladie d&rsquo;Alzheimer)<\/li>\n<\/ul>\n<p><img loading=\"lazy\" class=\"size-full wp-image-427 alignnone\" src=\"https:\/\/wp-isite.urbiloglabs.fr\/wp-content\/uploads\/2018\/02\/Logo-distalz-web.png\" alt=\"\" width=\"220\" height=\"82\" \/><\/p>\n<p><em>Coordinateur : <a href=\"mailto:philippe.amouyel@univ-lille.fr\" target=\"_blank\" rel=\"noopener\">Philippe Amouyel<\/a><\/em><\/p>\n<ul>\n<li><a href=\"http:\/\/www.egid.fr\">LabEx EGID<\/a> (Institut Europ\u00e9en de g\u00e9nomique pour le diab\u00e8te)<\/li>\n<\/ul>\n<p><img loading=\"lazy\" class=\"size-full wp-image-428 alignnone\" src=\"https:\/\/wp-isite.urbiloglabs.fr\/wp-content\/uploads\/2018\/02\/logoEGID.jpg\" alt=\"\" width=\"240\" height=\"168\" \/><\/p>\n<p><em>Coordinateur : <a href=\"mailto:p.froguel@imperial.ac.uk\" target=\"_blank\" rel=\"noopener\">Philippe Froguel<\/a><\/em><\/p>\n<h3>Equipements d&rsquo;excellence :<\/h3>\n<ul>\n<li>EquipEx Imaginex Biomed (Plateforme d\u2019imagerie pour analyse \u00e0 haute r\u00e9solution et le criblage haut d\u00e9bit)<\/li>\n<\/ul>\n<p><em>Coordinateur : <a href=\"mailto:frank.lafont@pasteur-lille.fr\" target=\"_blank\" rel=\"noopener\">Franck Lafont<\/a><\/em><\/p>\n<ul>\n<li><a href=\"http:\/\/ligan.good.cnrs.fr\/presentation\/la-plateforme-ligan\/\" target=\"_blank\" rel=\"noopener\">EquipEx LIGAN-PM<\/a> (Plateforme de s\u00e9quen\u00e7age du g\u00e9nome humain pour une m\u00e9decine personnalis\u00e9e)<\/li>\n<\/ul>\n<p><img loading=\"lazy\" class=\"alignleft size-full wp-image-3703\" src=\"https:\/\/wp-isite.urbiloglabs.fr\/wp-content\/uploads\/2018\/09\/logo_LIGAN-petit-1.jpg\" alt=\"\" width=\"300\" height=\"139\" \/><\/p>\n<p><em>Coordinateur : <a href=\"mailto:p.froguel@imperial.ac.uk\" target=\"_blank\" rel=\"noopener\">Philippe Froguel<\/a><\/em><\/p>\n<ul>\n<li><a href=\"http:\/\/realcat.ec-lille.fr\/\" target=\"_blank\" rel=\"noopener\">EquipEx REALCAT<\/a> (Plateforme de criblage haut-d\u00e9bit de catalyseurs pour les bio-raffineries<\/li>\n<\/ul>\n<p><img loading=\"lazy\" class=\"alignleft size-full wp-image-3705\" src=\"https:\/\/wp-isite.urbiloglabs.fr\/wp-content\/uploads\/2018\/09\/i-logo258x79.png\" alt=\"\" width=\"300\" height=\"92\" \/><\/p>\n<p><em>Coordinateur : <\/em><a href=\"mailto:sebastien.paul@centralelille.fr\" target=\"_blank\" rel=\"noopener\"><em>S\u00e9bastien Paul<\/em><\/a><\/p>\n<ul>\n<li><a href=\"https:\/\/www.iemn.fr\/actualites\/projet-excelsior-2.html\" target=\"_blank\" rel=\"noopener\">EquipEx Excelsior<\/a> (Centre exp\u00e9rimental pour l\u2019\u00e9tude des propri\u00e9t\u00e9s des nano dispositifs)<\/li>\n<\/ul>\n<p><em>Coordinateur : <a href=\"mailto:gilles.dambrine@iemn.univ-lille1.fr\" target=\"_blank\" rel=\"noopener\">Gilles Dambrine<\/a><\/em><\/p>\n<ul>\n<li><a href=\"http:\/\/flux.univ-lille1.fr\/index.php\/fr\/\" target=\"_blank\" rel=\"noopener\">EquipEx Flux<\/a> (fibres optiques pour les hauts flux)<\/li>\n<\/ul>\n<p><em>Coordinateur : <\/em><a href=\"mailto:Marc.Douay@univ-lille1.fr\" target=\"_blank\" rel=\"noopener\"><em>Marc Douay<\/em><\/a><\/p>\n<ul>\n<li><a href=\"http:\/\/www.irdive.fr\/\" target=\"_blank\" rel=\"noopener\">EquipEx IrDIVE<\/a> (Plateforme Recherche et Innovation dans les Environnements Visuels Num\u00e9riques et Interactifs)<\/li>\n<\/ul>\n<p><img loading=\"lazy\" class=\" wp-image-431 alignnone\" src=\"https:\/\/wp-isite.urbiloglabs.fr\/wp-content\/uploads\/2018\/02\/IrDIVE-Logo-02-copie.png\" alt=\"\" width=\"256\" height=\"161\" \/><\/p>\n<p><em>Coordinateur : <a href=\"mailto:yann.coello@univ-lille.fr\" target=\"_blank\" rel=\"noopener\">Yann Coello<\/a><\/em><\/p>\n<ul>\n<li><a href=\"https:\/\/leaf-equipex.iemn.univ-lille1.fr\/\" target=\"_blank\" rel=\"noopener\">EquipEx LEAF<\/a> (Laser procEssing plAtform for multiFunctional electronics on Flex)<\/li>\n<\/ul>\n<p><em><img loading=\"lazy\" class=\"alignleft size-medium wp-image-4093\" src=\"https:\/\/wp-isite.urbiloglabs.fr\/wp-content\/uploads\/2018\/11\/logo_leaf_complet-300x214.jpg\" alt=\"\" width=\"300\" height=\"214\" \/><\/em><\/p>\n<p><em>Coordinateur : <a href=\"mailto:emmanuel.dubois@isen.iemn.univ-lille1.fr\" target=\"_blank\" rel=\"noopener\">Emmanuel Dubois<\/a><\/em><\/p>\n<ul>\n<li>IDEFI ADICODE (Innovation par le co-design et par des projets bas\u00e9s sur l\u2019apprentissage)<\/li>\n<li>Recherche Hospitalo-Universitaire (RHU) en sant\u00e9 Precinash (St\u00e9atoh\u00e9patite non alcoolique (NASH)\u00a0: de la stratification de la maladie aux approches th\u00e9rapeutiques innovantes)<\/li>\n<\/ul>\n<p><em>Coordinateur : <a href=\"mailto:francois.pattou@univ-lille.fr\" target=\"_blank\" rel=\"noopener\">Fran\u00e7ois Pattou<\/a><\/em><\/p>\n<ul>\n<li>Recherche Hospitalo-Universitaire (RHU) en sant\u00e9 WillAssistHeart<\/li>\n<\/ul>\n<p><em>Coordinatrice : <a href=\"mailto:sophie.susen@univ-lille.fr\" target=\"_blank\" rel=\"noopener\">Sophie Susen<\/a><\/em><\/p>\n<ul>\n<li><a href=\"http:\/\/www.oncolille.fr\/\" target=\"_blank\" rel=\"noopener\">SIRIC OncoLille<\/a><\/li>\n<\/ul>\n<p><img loading=\"lazy\" class=\" wp-image-448 alignnone\" src=\"https:\/\/wp-isite.urbiloglabs.fr\/wp-content\/uploads\/2018\/02\/LogoONCOLilleweb.png\" alt=\"\" width=\"286\" height=\"94\" \/><\/p>\n<ul>\n<li><a href=\"https:\/\/sattnord.fr\/\" target=\"_blank\" rel=\"noopener\">SATT Nord<\/a><\/li>\n<\/ul>\n<p><img loading=\"lazy\" class=\"alignleft size-full wp-image-954\" src=\"https:\/\/wp-isite.urbiloglabs.fr\/wp-content\/uploads\/2018\/03\/SATT_logo-1.jpg\" alt=\"\" width=\"300\" height=\"170\" \/><\/p>\n<h2><span style=\"color: #e94e1d;\">Les laur\u00e9ats ERC au sein du consortium :<\/span><\/h2>\n<p><a href=\"https:\/\/wp-isite.urbiloglabs.fr\/index.php\/fr\/laureats-erc-au-sein-du-consortium\/\" target=\"_blank\" rel=\"noopener\">voir liste<\/a><\/p>\n<p>&nbsp;<\/p>\n<p class=\"paragraph-orange\">Ce P\u00e9ridex est la base du projet d\u2019I-SITE ULNE, un projet qui vise \u00e0 soutenir (\u00ab\u00a0sustain\u00a0\u00bb) et \u00e9tendre (\u00ab\u00a0expand\u00a0\u00bb) l\u2019excellence scientifique.<\/p>\n<p>&nbsp;<\/p>\n<h2><\/h2>\n<p>&nbsp;<\/p>\n","protected":false},"excerpt":{"rendered":"<p>Le projet d\u2019I-SITE ULNE est fond\u00e9 sur des forces scientifiques objectivement d\u00e9finies. Ce p\u00e9rim\u00e8tre d&rsquo;excellence (P\u00e9ridex) englobe ainsi \u00a0les objets du PIA g\u00e9r\u00e9s par le consortium, les projets subventionn\u00e9s par le Conseil europ\u00e9en de la recherche (ERC), les projets labellis\u00e9s H2020 coordonn\u00e9s par le consortium, les membres de l\u2019Institut universitaire de France (IUF) et le &hellip; <a href=\"https:\/\/wp-isite.urbiloglabs.fr\/index.php\/fr\/perimetre-dexcellence-de-li-site-peridex\/\" class=\"more-link\">Continuer la lecture<span class=\"screen-reader-text\"> de &laquo;&nbsp;Nos comp\u00e9tences phares (Labex, ERC&#8230;)&nbsp;&raquo;<\/span><\/a><\/p>\n","protected":false},"author":2,"featured_media":0,"parent":0,"menu_order":0,"comment_status":"closed","ping_status":"closed","template":"","meta":[],"_links":{"self":[{"href":"https:\/\/wp-isite.urbiloglabs.fr\/index.php\/wp-json\/wp\/v2\/pages\/175"}],"collection":[{"href":"https:\/\/wp-isite.urbiloglabs.fr\/index.php\/wp-json\/wp\/v2\/pages"}],"about":[{"href":"https:\/\/wp-isite.urbiloglabs.fr\/index.php\/wp-json\/wp\/v2\/types\/page"}],"author":[{"embeddable":true,"href":"https:\/\/wp-isite.urbiloglabs.fr\/index.php\/wp-json\/wp\/v2\/users\/2"}],"replies":[{"embeddable":true,"href":"https:\/\/wp-isite.urbiloglabs.fr\/index.php\/wp-json\/wp\/v2\/comments?post=175"}],"version-history":[{"count":52,"href":"https:\/\/wp-isite.urbiloglabs.fr\/index.php\/wp-json\/wp\/v2\/pages\/175\/revisions"}],"predecessor-version":[{"id":4232,"href":"https:\/\/wp-isite.urbiloglabs.fr\/index.php\/wp-json\/wp\/v2\/pages\/175\/revisions\/4232"}],"wp:attachment":[{"href":"https:\/\/wp-isite.urbiloglabs.fr\/index.php\/wp-json\/wp\/v2\/media?parent=175"}],"curies":[{"name":"wp","href":"https:\/\/api.w.org\/{rel}","templated":true}]}}