{"id":191,"date":"2018-02-05T15:42:47","date_gmt":"2018-02-05T14:42:47","guid":{"rendered":"http:\/\/wp-isite.urbiloglabs.fr\/?page_id=191"},"modified":"2019-03-06T10:57:55","modified_gmt":"2019-03-06T09:57:55","slug":"augmenter-la-visibilite-internationale-et-creer-un-campus-europeen","status":"publish","type":"page","link":"https:\/\/wp-isite.urbiloglabs.fr\/index.php\/fr\/augmenter-la-visibilite-internationale-et-creer-un-campus-europeen\/","title":{"rendered":"Augmenter la visibilit\u00e9 internationale"},"content":{"rendered":"<p><img loading=\"lazy\" class=\"alignleft size-large wp-image-3916 imgLarge\" src=\"https:\/\/wp-isite.urbiloglabs.fr\/wp-content\/uploads\/2018\/10\/international3-recadre-1024x408.jpg\" alt=\"\" width=\"840\" height=\"335\" \/><\/p>\n<p>L\u2019ambition internationale du projet est de positionner la future Universit\u00e9 Lille Nord-Europe parmi les 50 meilleures universit\u00e9s europ\u00e9ennes. Elle repose sur une strat\u00e9gie visant \u00e0 augmenter la visibilit\u00e9 de l&rsquo;ULNE au niveau mondial en :<\/p>\n<ul>\n<li>renfor\u00e7ant les <strong>Collaborations Strat\u00e9giques<\/strong> existantes de ses membres et en privil\u00e9giant de nouveaux partenariats avec les meilleures universit\u00e9s internationales.<\/li>\n<li>augmentant la <strong>Mobilit\u00e9 Internationale<\/strong> entrante et sortante d&rsquo;\u00e9tudiants et d&rsquo;enseignants-chercheurs gr\u00e2ce \u00e0 un <strong>Fonds de mobilit\u00e9<\/strong>.<\/li>\n<li>ouvrant deux <strong>bureaux de repr\u00e9sentations<\/strong> en Chine et au Br\u00e9sil pour assurer le d\u00e9veloppement et le renforcement de partenariats avec des universit\u00e9s d\u2019Asie et des Am\u00e9riques.<\/li>\n<li>cr\u00e9ant un <strong>Campus Europ\u00e9en<\/strong> qui se construira autour des liens forts existants ou qui sont en train d\u2019\u00eatre nou\u00e9s avec des universit\u00e9s belges (dont la KU Leuven, partenaire fort de cette ambition), du Royaume-Uni, des Pays-Bas et d&rsquo;Allemagne.<\/li>\n<\/ul>\n<p><a href=\"https:\/\/youtu.be\/9FZu2B2CGs0\" target=\"_blank\" rel=\"noopener\"><i class=\"wp-svg-film film\"><\/i> D\u00e9couvrir en vid\u00e9o les ambitions de l&rsquo;I-SITE ULNE pour renforcer la visibilit\u00e9 internationale<\/a><\/p>\n<p><a href=\"https:\/\/wp-isite.urbiloglabs.fr\/wp-content\/uploads\/2019\/03\/190306-EL-AppelaManifestationsV3.pdf\"><i class=\"wp-svg-earth earth\"><\/i> Dispositif de soutien aux manifestations visant \u00e0 renforcer les collaborations internationales<\/a><\/p>\n<h4><a href=\"https:\/\/wp-isite.urbiloglabs.fr\/index.php\/fr\/app_category\/international\/\" target=\"_blank\" rel=\"noopener\"><i class=\"wp-svg-arrow-right-3 arrow-right-3\"><\/i> Voir tous les appels \u00e0 projets \u00ab\u00a0International\u00a0\u00bb<\/a><\/h4>\n<p>&nbsp;<\/p>\n<p>Contact : <a href=\"mailto:stephane.thys@wp-isite.urbiloglabs.fr\" target=\"_blank\" rel=\"noopener\">St\u00e9phane THYS<\/a><\/p>\n","protected":false},"excerpt":{"rendered":"<p>L\u2019ambition internationale du projet est de positionner la future Universit\u00e9 Lille Nord-Europe parmi les 50 meilleures universit\u00e9s europ\u00e9ennes. Elle repose sur une strat\u00e9gie visant \u00e0 augmenter la visibilit\u00e9 de l&rsquo;ULNE au niveau mondial en : renfor\u00e7ant les Collaborations Strat\u00e9giques existantes de ses membres et en privil\u00e9giant de nouveaux partenariats avec les meilleures universit\u00e9s internationales. augmentant &hellip; <a href=\"https:\/\/wp-isite.urbiloglabs.fr\/index.php\/fr\/augmenter-la-visibilite-internationale-et-creer-un-campus-europeen\/\" class=\"more-link\">Continuer la lecture<span class=\"screen-reader-text\"> de &laquo;&nbsp;Augmenter la visibilit\u00e9 internationale&nbsp;&raquo;<\/span><\/a><\/p>\n","protected":false},"author":2,"featured_media":0,"parent":0,"menu_order":0,"comment_status":"closed","ping_status":"closed","template":"","meta":[],"_links":{"self":[{"href":"https:\/\/wp-isite.urbiloglabs.fr\/index.php\/wp-json\/wp\/v2\/pages\/191"}],"collection":[{"href":"https:\/\/wp-isite.urbiloglabs.fr\/index.php\/wp-json\/wp\/v2\/pages"}],"about":[{"href":"https:\/\/wp-isite.urbiloglabs.fr\/index.php\/wp-json\/wp\/v2\/types\/page"}],"author":[{"embeddable":true,"href":"https:\/\/wp-isite.urbiloglabs.fr\/index.php\/wp-json\/wp\/v2\/users\/2"}],"replies":[{"embeddable":true,"href":"https:\/\/wp-isite.urbiloglabs.fr\/index.php\/wp-json\/wp\/v2\/comments?post=191"}],"version-history":[{"count":21,"href":"https:\/\/wp-isite.urbiloglabs.fr\/index.php\/wp-json\/wp\/v2\/pages\/191\/revisions"}],"predecessor-version":[{"id":4451,"href":"https:\/\/wp-isite.urbiloglabs.fr\/index.php\/wp-json\/wp\/v2\/pages\/191\/revisions\/4451"}],"wp:attachment":[{"href":"https:\/\/wp-isite.urbiloglabs.fr\/index.php\/wp-json\/wp\/v2\/media?parent=191"}],"curies":[{"name":"wp","href":"https:\/\/api.w.org\/{rel}","templated":true}]}}