{"id":1953,"date":"2018-05-02T13:21:56","date_gmt":"2018-05-02T11:21:56","guid":{"rendered":"http:\/\/wp-isite.urbiloglabs.fr\/?page_id=1670"},"modified":"2018-08-24T09:41:35","modified_gmt":"2018-08-24T07:41:35","slug":"consejo-cientifico","status":"publish","type":"page","link":"https:\/\/wp-isite.urbiloglabs.fr\/index.php\/es\/consejo-cientifico\/","title":{"rendered":"Consejo Cient\u00edfico"},"content":{"rendered":"<p>Est\u00e1 compuesto de nueve personalidades cientificas francesas y extranjeras de renombre, externas a la Fundaci\u00f3n.<\/p>\n","protected":false},"excerpt":{"rendered":"<p>Est\u00e1 compuesto de nueve personalidades cientificas francesas y extranjeras de renombre, externas a la Fundaci\u00f3n.<\/p>\n","protected":false},"author":5,"featured_media":0,"parent":0,"menu_order":0,"comment_status":"closed","ping_status":"closed","template":"","meta":[],"_links":{"self":[{"href":"https:\/\/wp-isite.urbiloglabs.fr\/index.php\/wp-json\/wp\/v2\/pages\/1953"}],"collection":[{"href":"https:\/\/wp-isite.urbiloglabs.fr\/index.php\/wp-json\/wp\/v2\/pages"}],"about":[{"href":"https:\/\/wp-isite.urbiloglabs.fr\/index.php\/wp-json\/wp\/v2\/types\/page"}],"author":[{"embeddable":true,"href":"https:\/\/wp-isite.urbiloglabs.fr\/index.php\/wp-json\/wp\/v2\/users\/5"}],"replies":[{"embeddable":true,"href":"https:\/\/wp-isite.urbiloglabs.fr\/index.php\/wp-json\/wp\/v2\/comments?post=1953"}],"version-history":[{"count":2,"href":"https:\/\/wp-isite.urbiloglabs.fr\/index.php\/wp-json\/wp\/v2\/pages\/1953\/revisions"}],"predecessor-version":[{"id":3622,"href":"https:\/\/wp-isite.urbiloglabs.fr\/index.php\/wp-json\/wp\/v2\/pages\/1953\/revisions\/3622"}],"wp:attachment":[{"href":"https:\/\/wp-isite.urbiloglabs.fr\/index.php\/wp-json\/wp\/v2\/media?parent=1953"}],"curies":[{"name":"wp","href":"https:\/\/api.w.org\/{rel}","templated":true}]}}