{"id":1965,"date":"2018-05-02T13:35:34","date_gmt":"2018-05-02T11:35:34","guid":{"rendered":"http:\/\/wp-isite.urbiloglabs.fr\/?page_id=1710"},"modified":"2019-04-30T16:22:26","modified_gmt":"2019-04-30T14:22:26","slug":"fortalecer-los-enlaces-con-las-empresas","status":"publish","type":"page","link":"https:\/\/wp-isite.urbiloglabs.fr\/index.php\/es\/fortalecer-los-enlaces-con-las-empresas\/","title":{"rendered":"Reforzar los v\u00ednculos con las empresas"},"content":{"rendered":"<figure id=\"attachment_4025\" aria-describedby=\"caption-attachment-4025\" style=\"width: 1000px\" class=\"wp-caption alignleft\"><img loading=\"lazy\" class=\"size-full wp-image-4025\" src=\"https:\/\/wp-isite.urbiloglabs.fr\/wp-content\/uploads\/2018\/10\/euratechno.jpg\" alt=\"\" width=\"1000\" height=\"384\" \/><figcaption id=\"caption-attachment-4025\" class=\"wp-caption-text\">Euratechnologies \u00a9 Inria \/ Foto N. Fagot<\/figcaption><\/figure>\n<blockquote><p><span style=\"color: #149a95;\">Acelerar la valoraci\u00f3n, la transferencia de la investigaci\u00f3n y la colaboraci\u00f3n con empresas.<\/span><\/p><\/blockquote>\n<p>Para fomentar el <strong>desarrollo y el atractivo del territorio<\/strong> regional y, para responder mejor a los desaf\u00edos sociales y las necesidades de las empresas, I-SITE ULNE tiene la ambici\u00f3n de fortalecer y renovar sus <strong>alianzas con el sector socioecon\u00f3mico<\/strong>, especialmente con las empresas.<\/p>\n<p class=\"paragraph-bleu\">Con el ecosistema regional de la investigaci\u00f3n e innovaci\u00f3n (polos de excelencia, polos de competitividad, clusters, etc.), I-SITE ULNE contribuye en acelerar la <strong>maduraci\u00f3n<\/strong> de proyectos de investigaci\u00f3n y sus <strong>valoraciones econ\u00f3micas<\/strong>, en desarrollar la creaci\u00f3n de <strong>empresas innovadoras<\/strong>, la <strong>transferencia de tecnolog\u00eda<\/strong> <strong>y la colaboraci\u00f3n entre laboratorios de investigaci\u00f3n y empresas.<\/strong><\/p>\n<p>Se abren convocatorias de proyectos con la <a href=\"http:\/\/www.hautsdefrance.fr\/\" target=\"_blank\" rel=\"noopener\">Regi\u00f3n Hauts-de-Franc<\/a>e y\/o la <a href=\"http:\/\/www.lillemetropole.fr\/mel.html\" target=\"_blank\" rel=\"noopener\">Metropolis Europea de Lille<\/a> (MEL) para aumentar el n\u00famero de proyectos en asociaci\u00f3n con empresas (tesis relacionadas con empresas, laboratorios conjuntos de investigaci\u00f3n-empresa &#8230;)<\/p>\n<p>Los \u201c<strong>laboratorios creativos<\/strong>\u201d se implementar\u00e1n para responder a las necesidades de las empresas. Desafiar\u00e1n a estudiantes, investigadores y empleados de empresas y promover\u00e1n el surgimiento de nuevos proyectos de innovaci\u00f3n e investigaci\u00f3n.<\/p>\n<h4><a href=\"https:\/\/wp-isite.urbiloglabs.fr\/index.php\/es\/app_category\/valoracion\/\"><i class=\"wp-svg-arrow-right-3 arrow-right-3\"><\/i> Ver todas las convocatorias de proyectos de valoraci\u00f3n.<\/a><\/h4>\n<p>Contacto:\u00a0<a href=\"mailto:marie-claire.bilbault@wp-isite.urbiloglabs.fr\" target=\"_blank\" rel=\"noopener\">Marie-Claire BILBAULT<\/a><\/p>\n","protected":false},"excerpt":{"rendered":"<p>Acelerar la valoraci\u00f3n, la transferencia de la investigaci\u00f3n y la colaboraci\u00f3n con empresas. Para fomentar el desarrollo y el atractivo del territorio regional y, para responder mejor a los desaf\u00edos sociales y las necesidades de las empresas, I-SITE ULNE tiene la ambici\u00f3n de fortalecer y renovar sus alianzas con el sector socioecon\u00f3mico, especialmente con las &hellip; <a href=\"https:\/\/wp-isite.urbiloglabs.fr\/index.php\/es\/fortalecer-los-enlaces-con-las-empresas\/\" class=\"more-link\">Continuer la lecture<span class=\"screen-reader-text\"> de &laquo;&nbsp;Reforzar los v\u00ednculos con las empresas&nbsp;&raquo;<\/span><\/a><\/p>\n","protected":false},"author":5,"featured_media":0,"parent":0,"menu_order":0,"comment_status":"closed","ping_status":"closed","template":"","meta":[],"_links":{"self":[{"href":"https:\/\/wp-isite.urbiloglabs.fr\/index.php\/wp-json\/wp\/v2\/pages\/1965"}],"collection":[{"href":"https:\/\/wp-isite.urbiloglabs.fr\/index.php\/wp-json\/wp\/v2\/pages"}],"about":[{"href":"https:\/\/wp-isite.urbiloglabs.fr\/index.php\/wp-json\/wp\/v2\/types\/page"}],"author":[{"embeddable":true,"href":"https:\/\/wp-isite.urbiloglabs.fr\/index.php\/wp-json\/wp\/v2\/users\/5"}],"replies":[{"embeddable":true,"href":"https:\/\/wp-isite.urbiloglabs.fr\/index.php\/wp-json\/wp\/v2\/comments?post=1965"}],"version-history":[{"count":7,"href":"https:\/\/wp-isite.urbiloglabs.fr\/index.php\/wp-json\/wp\/v2\/pages\/1965\/revisions"}],"predecessor-version":[{"id":4666,"href":"https:\/\/wp-isite.urbiloglabs.fr\/index.php\/wp-json\/wp\/v2\/pages\/1965\/revisions\/4666"}],"wp:attachment":[{"href":"https:\/\/wp-isite.urbiloglabs.fr\/index.php\/wp-json\/wp\/v2\/media?parent=1965"}],"curies":[{"name":"wp","href":"https:\/\/api.w.org\/{rel}","templated":true}]}}