{"id":1967,"date":"2018-05-02T13:37:04","date_gmt":"2018-05-02T11:37:04","guid":{"rendered":"http:\/\/wp-isite.urbiloglabs.fr\/?page_id=1716"},"modified":"2019-04-30T16:19:09","modified_gmt":"2019-04-30T14:19:09","slug":"estructuracion-de-la-investigacion","status":"publish","type":"page","link":"https:\/\/wp-isite.urbiloglabs.fr\/index.php\/es\/estructuracion-de-la-investigacion\/","title":{"rendered":"Estructurar la investigaci\u00f3n"},"content":{"rendered":"<figure id=\"attachment_3809\" aria-describedby=\"caption-attachment-3809\" style=\"width: 840px\" class=\"wp-caption alignleft\"><img loading=\"lazy\" class=\"size-large wp-image-3809 imgLarge\" src=\"https:\/\/wp-isite.urbiloglabs.fr\/wp-content\/uploads\/2018\/09\/Recherche-1024x360.jpg\" alt=\"\" width=\"840\" height=\"295\" \/><figcaption id=\"caption-attachment-3809\" class=\"wp-caption-text\">\u00a9Servicio comunicaci\u00f3n Universit\u00e9 de Lille<\/figcaption><\/figure>\n<p>El proyecto I-SITE ULNE ha destacado una concentraci\u00f3n de excelencia local en torno a <strong>tres temas de investigaci\u00f3n interrelacionados: salud, planeta y mundo digital<\/strong>:<\/p>\n<p><strong>\u00a0<\/strong><\/p>\n<h3><img loading=\"lazy\" class=\"wp-image-1286 imgPictoLeftList alignnone\" src=\"https:\/\/wp-isite.urbiloglabs.fr\/wp-content\/uploads\/2018\/03\/Picto_Hub_Sante_noir-1-300x257.png\" alt=\"\" width=\"100\" height=\"86\" \/><\/h3>\n<h3><strong>Medicina de precisi\u00f3n:<\/strong><\/h3>\n<ul>\n<li>promover la biolog\u00eda sist\u00e9mica y la medicina de precisi\u00f3n;<\/li>\n<li>catalizar la revoluci\u00f3n digital en la investigaci\u00f3n biom\u00e9dica;<\/li>\n<li>optimizar el impacto para el paciente y la sociedad.<\/li>\n<\/ul>\n<p><strong>\u00a0<\/strong><\/p>\n<h3><img loading=\"lazy\" class=\"size-full wp-image-958 imgPictoLeftList alignnone\" src=\"https:\/\/wp-isite.urbiloglabs.fr\/wp-content\/uploads\/2018\/03\/Picto_Hub_Planete_noir-e1521721976349.png\" alt=\"\" width=\"100\" height=\"92\" \/><\/h3>\n<h3><strong>Ciencia para un planeta cambiante:<\/strong><\/h3>\n<ul>\n<li>comprender y controlar los cambios planetarios;<\/li>\n<li>buscar soluciones alternativas para la explotaci\u00f3n de los recursos f\u00f3siles;<\/li>\n<li>evaluar el impacto de los cambios globales en los humanos, la tierra y las sociedades.<\/li>\n<\/ul>\n<p>&nbsp;<\/p>\n<h3><img loading=\"lazy\" class=\"wp-image-1290 imgPictoLeftList alignnone\" src=\"https:\/\/wp-isite.urbiloglabs.fr\/wp-content\/uploads\/2018\/03\/Picto_Hub_Digital_noir-1-300x153.png\" alt=\"\" width=\"100\" height=\"51\" \/><\/h3>\n<h3><strong>Mundo digital al servicio de lo humano :<\/strong><\/h3>\n<ul>\n<li>dise\u00f1ar un mundo digital que involucre las humanidades y las ciencias sociales ;<\/li>\n<li>crear conceptos innovadores para dominar la complejidad;<\/li>\n<li>desarrollar tecnolog\u00edas disruptivas para una sociedad en transici\u00f3n.<\/li>\n<\/ul>\n<p>&nbsp;<\/p>\n<p>La estrategia de investigaci\u00f3n pretende mantener (<em>sustain<\/em>) y expandir (<em>expand<\/em>) la excelencia en torno a estas tres \u00e1reas de investigaci\u00f3n apoyando los mejores proyectos, alentando a los investigadores de alto potencial y atrayendo nuevos talentos.<\/p>\n<p>&nbsp;<\/p>\n<p>Esto implica el desarrollo de <strong>un entorno propicio para la investigaci\u00f3n y la innovaci\u00f3n<\/strong>: la financiaci\u00f3n de proyectos espec\u00edficos y compras de equipos, contrataci\u00f3n de estudiantes de <strong>doctorado<\/strong> y <strong>postdoctorado<\/strong>, y la creaci\u00f3n de <strong>c\u00e1tedras<\/strong> juveniles (tenure tracks) y senior.<\/p>\n<p>Al mismo tiempo, I-SITE ULNE tiene como objetivo crear un terreno f\u00e9rtil para el <strong>surgimiento de j\u00f3venes investigadores<\/strong> a trav\u00e9s de una incubadora de doctorado (destinada a la detecci\u00f3n temprana de los mejores estudiantes y conducirlos hacia el doctorado) y <strong>Escuelas de Posgrado<\/strong> (formaci\u00f3n doctoral de excelencia).<\/p>\n<p>El proyecto tambi\u00e9n tiene como objetivo apoyar y optimizar la <strong>influencia de la investigaci\u00f3n<\/strong> a nivel europeo (ERC, proyectos europeos &#8230;).<\/p>\n<p>&nbsp;<\/p>\n<p>Finalmente, I-SITE ULNE tiene como objetivo promover <strong>proyectos transdisciplinarios<\/strong> y fortalecer <strong>las Humanidades y Ciencias Sociales<\/strong>.<\/p>\n<p>&nbsp;<\/p>\n<p><a href=\"https:\/\/wp-isite.urbiloglabs.fr\/index.php\/es\/app_category\/investigacion\/\"><strong><i class=\"wp-svg-arrow-right-3 arrow-right-3\"><\/i> Ver las convocatorias de proyectos<\/strong><\/a><\/p>\n<p><strong>\u00a0<\/strong><\/p>\n<p>Contactos : <a href=\"mailto:scheherazade.boudaoud@wp-isite.urbiloglabs.fr\">Scheherazade BOUDAOUD<\/a> y <a href=\"mailto:france.merimee@wp-isite.urbiloglabs.fr\">France MERIMEE<\/a><\/p>\n","protected":false},"excerpt":{"rendered":"<p>El proyecto I-SITE ULNE ha destacado una concentraci\u00f3n de excelencia local en torno a tres temas de investigaci\u00f3n interrelacionados: salud, planeta y mundo digital: \u00a0 Medicina de precisi\u00f3n: promover la biolog\u00eda sist\u00e9mica y la medicina de precisi\u00f3n; catalizar la revoluci\u00f3n digital en la investigaci\u00f3n biom\u00e9dica; optimizar el impacto para el paciente y la sociedad. \u00a0 &hellip; <a href=\"https:\/\/wp-isite.urbiloglabs.fr\/index.php\/es\/estructuracion-de-la-investigacion\/\" class=\"more-link\">Continuer la lecture<span class=\"screen-reader-text\"> de &laquo;&nbsp;Estructurar la investigaci\u00f3n&nbsp;&raquo;<\/span><\/a><\/p>\n","protected":false},"author":5,"featured_media":0,"parent":0,"menu_order":0,"comment_status":"closed","ping_status":"closed","template":"","meta":[],"_links":{"self":[{"href":"https:\/\/wp-isite.urbiloglabs.fr\/index.php\/wp-json\/wp\/v2\/pages\/1967"}],"collection":[{"href":"https:\/\/wp-isite.urbiloglabs.fr\/index.php\/wp-json\/wp\/v2\/pages"}],"about":[{"href":"https:\/\/wp-isite.urbiloglabs.fr\/index.php\/wp-json\/wp\/v2\/types\/page"}],"author":[{"embeddable":true,"href":"https:\/\/wp-isite.urbiloglabs.fr\/index.php\/wp-json\/wp\/v2\/users\/5"}],"replies":[{"embeddable":true,"href":"https:\/\/wp-isite.urbiloglabs.fr\/index.php\/wp-json\/wp\/v2\/comments?post=1967"}],"version-history":[{"count":11,"href":"https:\/\/wp-isite.urbiloglabs.fr\/index.php\/wp-json\/wp\/v2\/pages\/1967\/revisions"}],"predecessor-version":[{"id":4664,"href":"https:\/\/wp-isite.urbiloglabs.fr\/index.php\/wp-json\/wp\/v2\/pages\/1967\/revisions\/4664"}],"wp:attachment":[{"href":"https:\/\/wp-isite.urbiloglabs.fr\/index.php\/wp-json\/wp\/v2\/media?parent=1967"}],"curies":[{"name":"wp","href":"https:\/\/api.w.org\/{rel}","templated":true}]}}