{"id":1974,"date":"2018-06-06T14:35:09","date_gmt":"2018-06-06T12:35:09","guid":{"rendered":"http:\/\/wp-isite.urbiloglabs.fr\/?page_id=1931"},"modified":"2018-06-06T14:35:09","modified_gmt":"2018-06-06T12:35:09","slug":"the-conversation","status":"publish","type":"page","link":"https:\/\/wp-isite.urbiloglabs.fr\/index.php\/fr\/the-conversation\/","title":{"rendered":"The Conversation"},"content":{"rendered":"<p>La Fondation a adh\u00e9r\u00e9 pour l&rsquo;ensemble des \u00e9tablissements du consortium au m\u00e9dia en ligne <a href=\"https:\/\/theconversation.com\/fr\"><em>The Conversation<\/em><\/a>, qui contribue \u00e0 \u00e9clairer le d\u00e9bat public gr\u00e2ce aux contributions des enseignants-chercheurs et chercheurs et leur donne un large \u00e9cho m\u00e9diatique.<\/p>\n<p>Chaque \u00e9tablissement fondateur dispose ainsi d&rsquo;un espace personnel avec les donn\u00e9es m\u00e9triques li\u00e9es \u00e0 ses contributions. Il est alert\u00e9 lorsqu&rsquo;un contributeur de l&rsquo;\u00e9tablissement publie sur le m\u00e9dia.<\/p>\n<p>&nbsp;<\/p>\n<p><a href=\"https:\/\/theconversation.com\/fr\"><img loading=\"lazy\" class=\"alignleft size-medium wp-image-2092\" src=\"https:\/\/wp-isite.urbiloglabs.fr\/wp-content\/uploads\/2018\/06\/The_Conversation_logo-300x24.png\" alt=\"\" width=\"300\" height=\"24\" \/><\/a><\/p>\n<p>&nbsp;<\/p>\n<p>&nbsp;<\/p>\n<p>Contact : <a href=\"mailto:elodie.legrand@wp-isite.urbiloglabs.fr\" target=\"_blank\" rel=\"noopener\">\u00c9lodie Legrand<\/a><\/p>\n","protected":false},"excerpt":{"rendered":"<p>La Fondation a adh\u00e9r\u00e9 pour l&rsquo;ensemble des \u00e9tablissements du consortium au m\u00e9dia en ligne The Conversation, qui contribue \u00e0 \u00e9clairer le d\u00e9bat public gr\u00e2ce aux contributions des enseignants-chercheurs et chercheurs et leur donne un large \u00e9cho m\u00e9diatique. Chaque \u00e9tablissement fondateur dispose ainsi d&rsquo;un espace personnel avec les donn\u00e9es m\u00e9triques li\u00e9es \u00e0 ses contributions. Il est &hellip; <a href=\"https:\/\/wp-isite.urbiloglabs.fr\/index.php\/fr\/the-conversation\/\" class=\"more-link\">Continuer la lecture<span class=\"screen-reader-text\"> de &laquo;&nbsp;The Conversation&nbsp;&raquo;<\/span><\/a><\/p>\n","protected":false},"author":5,"featured_media":0,"parent":0,"menu_order":0,"comment_status":"closed","ping_status":"closed","template":"","meta":[],"_links":{"self":[{"href":"https:\/\/wp-isite.urbiloglabs.fr\/index.php\/wp-json\/wp\/v2\/pages\/1974"}],"collection":[{"href":"https:\/\/wp-isite.urbiloglabs.fr\/index.php\/wp-json\/wp\/v2\/pages"}],"about":[{"href":"https:\/\/wp-isite.urbiloglabs.fr\/index.php\/wp-json\/wp\/v2\/types\/page"}],"author":[{"embeddable":true,"href":"https:\/\/wp-isite.urbiloglabs.fr\/index.php\/wp-json\/wp\/v2\/users\/5"}],"replies":[{"embeddable":true,"href":"https:\/\/wp-isite.urbiloglabs.fr\/index.php\/wp-json\/wp\/v2\/comments?post=1974"}],"version-history":[{"count":0,"href":"https:\/\/wp-isite.urbiloglabs.fr\/index.php\/wp-json\/wp\/v2\/pages\/1974\/revisions"}],"wp:attachment":[{"href":"https:\/\/wp-isite.urbiloglabs.fr\/index.php\/wp-json\/wp\/v2\/media?parent=1974"}],"curies":[{"name":"wp","href":"https:\/\/api.w.org\/{rel}","templated":true}]}}