{"id":1976,"date":"2018-06-06T14:35:41","date_gmt":"2018-06-06T12:35:41","guid":{"rendered":"http:\/\/wp-isite.urbiloglabs.fr\/?page_id=1937"},"modified":"2019-03-06T10:49:56","modified_gmt":"2019-03-06T09:49:56","slug":"appel-a-manifestations-dinteret","status":"publish","type":"page","link":"https:\/\/wp-isite.urbiloglabs.fr\/index.php\/fr\/appel-a-manifestations-dinteret\/","title":{"rendered":"Appel \u00e0 manifestations d\u2019int\u00e9r\u00eat"},"content":{"rendered":"<p>La Fondation I-SITE ULNE contribue \u00e0 l&rsquo;organisation de manifestations scientifiques d&rsquo;excellence organis\u00e9es par ses <a href=\"https:\/\/wp-isite.urbiloglabs.fr\/index.php\/fr\/le-consortium\/\" target=\"_blank\" rel=\"noopener\">membres fondateurs<\/a> \u00e0 la condition qu&rsquo;ils correspondent \u00e0 sa strat\u00e9gie en mati\u00e8re de recherche et de d\u00e9veloppement international.<\/p>\n<p><a href=\"https:\/\/wp-isite.urbiloglabs.fr\/wp-content\/uploads\/2019\/03\/190306-EL-AppelaManifestationsV3.pdf\">Plus d&rsquo;infos sur le dispositif<\/a><\/p>\n<p>Contacts :<\/p>\n<p><a href=\"mailto:juliette.babilotte@wp-isite.urbiloglabs.fr\">Juliette Babilotte<\/a> (Suivi des demandes)<\/p>\n<p><a href=\"mailto:elodie.legrand@wp-isite.urbiloglabs.fr\" target=\"_blank\" rel=\"noopener\">\u00c9lodie Legrand<\/a> (Communication)<\/p>\n<p><a href=\"mailto:stephane.thys@wp-isite.urbiloglabs.fr\" target=\"_blank\" rel=\"noopener\">St\u00e9phane Thys<\/a> (Coop\u00e9ration internationale)<\/p>\n","protected":false},"excerpt":{"rendered":"<p>La Fondation I-SITE ULNE contribue \u00e0 l&rsquo;organisation de manifestations scientifiques d&rsquo;excellence organis\u00e9es par ses membres fondateurs \u00e0 la condition qu&rsquo;ils correspondent \u00e0 sa strat\u00e9gie en mati\u00e8re de recherche et de d\u00e9veloppement international. Plus d&rsquo;infos sur le dispositif Contacts : Juliette Babilotte (Suivi des demandes) \u00c9lodie Legrand (Communication) St\u00e9phane Thys (Coop\u00e9ration internationale)<\/p>\n","protected":false},"author":5,"featured_media":0,"parent":0,"menu_order":0,"comment_status":"closed","ping_status":"closed","template":"","meta":[],"_links":{"self":[{"href":"https:\/\/wp-isite.urbiloglabs.fr\/index.php\/wp-json\/wp\/v2\/pages\/1976"}],"collection":[{"href":"https:\/\/wp-isite.urbiloglabs.fr\/index.php\/wp-json\/wp\/v2\/pages"}],"about":[{"href":"https:\/\/wp-isite.urbiloglabs.fr\/index.php\/wp-json\/wp\/v2\/types\/page"}],"author":[{"embeddable":true,"href":"https:\/\/wp-isite.urbiloglabs.fr\/index.php\/wp-json\/wp\/v2\/users\/5"}],"replies":[{"embeddable":true,"href":"https:\/\/wp-isite.urbiloglabs.fr\/index.php\/wp-json\/wp\/v2\/comments?post=1976"}],"version-history":[{"count":8,"href":"https:\/\/wp-isite.urbiloglabs.fr\/index.php\/wp-json\/wp\/v2\/pages\/1976\/revisions"}],"predecessor-version":[{"id":4444,"href":"https:\/\/wp-isite.urbiloglabs.fr\/index.php\/wp-json\/wp\/v2\/pages\/1976\/revisions\/4444"}],"wp:attachment":[{"href":"https:\/\/wp-isite.urbiloglabs.fr\/index.php\/wp-json\/wp\/v2\/media?parent=1976"}],"curies":[{"name":"wp","href":"https:\/\/api.w.org\/{rel}","templated":true}]}}