{"id":239,"date":"2018-02-06T13:14:22","date_gmt":"2018-02-06T12:14:22","guid":{"rendered":"http:\/\/wp-isite.urbiloglabs.fr\/?page_id=239"},"modified":"2019-04-02T15:08:49","modified_gmt":"2019-04-02T13:08:49","slug":"comite-de-pilotage","status":"publish","type":"page","link":"https:\/\/wp-isite.urbiloglabs.fr\/index.php\/fr\/comite-de-pilotage\/","title":{"rendered":"Comit\u00e9 de pilotage"},"content":{"rendered":"<p>Pour renforcer au quotidien la coh\u00e9sion et l\u2019int\u00e9gration de ses membres et favoriser leur engagement dans le projet de transformation, pour garantir \u00e9galement un fonctionnement \u00e0 la fois fluide, r\u00e9actif et efficace, la Fondation I-SITE ULNE s&rsquo;est dot\u00e9e d&rsquo;un Comit\u00e9 de Pilotage constitu\u00e9 de :<\/p>\n<ul>\n<li>R\u00e9gis BORDET, Directeur G\u00e9n\u00e9ral de la Fondation I-SITE ULNE\u00a0;<\/li>\n<li>Nicolas ARNAUD,\u00a0<span class=\"st\"> Directeur Scientifique R\u00e9f\u00e9rent pour le site Lillois (<a href=\"http:\/\/www.cnrs.fr\/fr\/page-daccueil\" target=\"_blank\" rel=\"noopener\">CNRS<\/a>)<\/span> ;<\/li>\n<li>Fr\u00e9d\u00e9ric BOIRON, Directeur du <a href=\"http:\/\/www.chru-lille.fr\/\" target=\"_blank\" rel=\"noopener\">CHU de Lille<\/a>\u00a0;<\/li>\n<li>Jean-Christophe CAMART, Pr\u00e9sident de l\u2019<a href=\"https:\/\/www.univ-lille.fr\/\" target=\"_blank\" rel=\"noopener\">Universit\u00e9 de Lille<\/a>\u00a0;<\/li>\n<li>Isabelle HERLIN, Directrice de l\u2019<a href=\"https:\/\/www.inria.fr\/centre\/lille\" target=\"_blank\" rel=\"noopener\">Inria Lille<\/a>\u00a0;<\/li>\n<li>Eric DEVAUX, Directeur de l&rsquo;<a href=\"http:\/\/www.ensait.fr\/\" target=\"_blank\" rel=\"noopener\">ENSAIT<\/a>, repr\u00e9sentant des Grandes Ecoles\u00a0;<\/li>\n<li>Samir OULD ALI, D\u00e9l\u00e9gu\u00e9 r\u00e9gional de l\u2019<a href=\"http:\/\/www.nord-ouest.inserm.fr\/\" target=\"_blank\" rel=\"noopener\">Inserm<\/a>.<\/li>\n<\/ul>\n<p>Invit\u00e9 permanent\u00a0: Benoit DEPREZ, Conseiller scientifique de l\u2019<a href=\"https:\/\/www.pasteur-lille.fr\/accueil\/\" target=\"_blank\" rel=\"noopener\">Institut Pasteur de Lille<\/a><\/p>\n<p>&nbsp;<\/p>\n<p>Ce Comit\u00e9 de pilotage s&rsquo;appuie sur un<strong> Comit\u00e9 de R\u00e9flexion Interne<\/strong> (CRI) qui est consult\u00e9 sur des questions strat\u00e9giques pr\u00e9cises. Il est constitu\u00e9 de\u00a0 :<\/p>\n<ul>\n<li>Philippe Amouyel,\u00a0 Coordinateur scientifique du <a href=\"http:\/\/distalz.univ-lille2.fr\/\" target=\"_blank\" rel=\"noopener\">LabEx Distalz<\/a>\u00a0;<\/li>\n<li>Martine Benoit,\u00a0Directrice de la <a href=\"https:\/\/www.meshs.fr\/\" target=\"_blank\" rel=\"noopener\">Maison Europ\u00e9enne des Sciences de l\u2019Homme et de la Soci\u00e9t\u00e9 (MESHS)<\/a>\u00a0;<\/li>\n<li>Priscille Brodin, DR Inserm au <a href=\"http:\/\/www.ciil.fr\/home\/\" target=\"_blank\" rel=\"noopener\">Centre d&rsquo;infection et d&rsquo;immunit\u00e9 de Lille (CIIL) ;<\/a><\/li>\n<li>Guy Buntinx, DR CNRS au <a href=\"https:\/\/lasir.univ-lille1.fr\/?page_id=5459\" target=\"_blank\" rel=\"noopener\">LAboratoire de Spectrochimie Infrarouge et Raman (LASIR)<\/a> ;<\/li>\n<li>Philippe Carrez,\u00a0Professeur \u00e0 l\u2019<a href=\"http:\/\/umet.univ-lille1.fr\/index.php?lang=fr\" target=\"_blank\" rel=\"noopener\">Unit\u00e9 Mat\u00e9riaux et Transformations (UMET)<\/a> ;<\/li>\n<li>S\u00e9verine Casalis,\u00a0Vice-Pr\u00e9sidente Valorisation et Innovation \u00e0 l&rsquo;<a href=\"https:\/\/www.univ-lille.fr\/\" target=\"_blank\" rel=\"noopener\">Universit\u00e9 de Lille<\/a> ;<\/li>\n<li>V\u00e9ronique Christophe, Charg\u00e9e de mission Recherche en Sant\u00e9 &amp; SHS \u00e0 l&rsquo;<a href=\"https:\/\/www.univ-lille.fr\/\" target=\"_blank\" rel=\"noopener\">Universit\u00e9 de Lille<\/a> ;<\/li>\n<li>Yann Coello, Coordinateur du hub \u00ab\u00a0Monde num\u00e9rique\u00a0\u00bb ;<\/li>\n<li>Joel Cugen, Directeur de l\u2019<a href=\"http:\/\/edsmre.univ-lille1.fr\/\" target=\"_blank\" rel=\"noopener\">\u00c9cole Doctorale \u00ab\u00a0<\/a><span class=\"st\">Sciences de la Mati\u00e8re, du Rayonnement et de l&rsquo;Environnement\u00a0\u00bb;<\/span><\/li>\n<li>Stephan De-Bi\u00e8vre, Coordinateur scientifique du <a href=\"http:\/\/math.univ-lille1.fr\/~cempi\/\" target=\"_blank\" rel=\"noopener\">LabEx CEMPI<\/a>\u00a0;<\/li>\n<li>Christophe Delerue,\u00a0<a href=\"https:\/\/www.iemn.fr\/\" target=\"_blank\" rel=\"noopener\"><span data-original-name=\"Institut d'\u00e9lectronique de micro\u00e9lectronique et de nanotechnologie\">Institut d\u2019\u00e9lectronique de micro\u00e9lectronique et de nanotechnologie (I<\/span>EMN)<\/a>\u00a0;<\/li>\n<li>Ilse Depraetere,\u00a0 Directrice adjointe du laboratoire <a href=\"https:\/\/stl.univ-lille.fr\/\" target=\"_blank\" rel=\"noopener\">Savoirs, Textes, Langage (STL)<\/a> ;<\/li>\n<li>Clarisse Dhaenens,\u00a0Vice-Pr\u00e9sidente Recherche (Sciences et Technologies) \u00e0 l&rsquo;<a href=\"https:\/\/www.univ-lille.fr\/\" target=\"_blank\" rel=\"noopener\">Universit\u00e9 de Lille<\/a> ;<\/li>\n<li>Marc Douay, Directeur du laboratoire de <a href=\"http:\/\/www.phlam.univ-lille1.fr\/\" target=\"_blank\" rel=\"noopener\">Physique des Lasers, Atomes et Mol\u00e9cules (PhLAM)<\/a> et Coordinateur de la Graduate School \u00ab\u00a0monde num\u00e9rique\u00a0\u00bb ;<\/li>\n<li>Franck Dumeignil, Coordinateur du hub \u00ab\u00a0Plan\u00e8te\u00a0\u00bb ;<\/li>\n<li>Sophie Duquesne, Coordinatrice de la Graduate School \u00ab\u00a0Plan\u00e8te\u00a0\u00bb ;<\/li>\n<li>Lynne Franji\u00e9, Vice-Pr\u00e9sidente Formation \u00e0 l&rsquo;<a href=\"https:\/\/www.univ-lille.fr\/\" target=\"_blank\" rel=\"noopener\">Universit\u00e9 de Lille<\/a> ;<\/li>\n<li>Emmanuel Fricain, Professeur au <a href=\"https:\/\/math.univ-lille1.fr\/\" target=\"_blank\" rel=\"noopener\">Laboratoire Paul Painlev\u00e9<\/a> et futur Directeur du <a href=\"http:\/\/math.univ-lille1.fr\/~cempi\/\" target=\"_blank\" rel=\"noopener\">Labex CEMPI<\/a> ;<\/li>\n<li>Philippe Froguel, Coordinateur scientifique du <a href=\"http:\/\/www.egid.fr\/accueil\/\" target=\"_blank\" rel=\"noopener\">LabEx EGID<\/a>\u00a0;<\/li>\n<li>Fr\u00e9d\u00e9ric Gottrand, Vice-Pr\u00e9sident Recherche au <a href=\"http:\/\/www.chru-lille.fr\/\" target=\"_blank\" rel=\"noopener\">CHU de Lille<\/a> ;<\/li>\n<li>Th\u00e9r\u00e8se Huet,\u00a0Directrice adjointe du laboratoire de <a href=\"http:\/\/www.phlam.univ-lille1.fr\/\" target=\"_blank\" rel=\"noopener\">Physique des Lasers, Atomes et Mol\u00e9cules (PhLAM)<\/a>\u00a0;<\/li>\n<li>Lionel Montagne, Vice-Pr\u00e9sident Recherche \u00e0 l&rsquo;<a href=\"https:\/\/www.univ-lille.fr\/\" target=\"_blank\" rel=\"noopener\">Universit\u00e9 de Lille<\/a> ;<\/li>\n<li>Fran\u00e7ois Pattou, Coordinateur du hub \u00ab\u00a0sant\u00e9\u00a0\u00bb ;<\/li>\n<li>Philippe Pernod, Directeur de la recherche\u00a0et de la valorisation de <a href=\"http:\/\/centralelille.fr\/\" target=\"_blank\" rel=\"noopener\">Centrale Lille<\/a> ;<\/li>\n<li>Denis Petitprez, Coordinateur scientifique du <a href=\"http:\/\/www.labex-cappa.fr\/\" target=\"_blank\" rel=\"noopener\">LabEx CAPPA<\/a>\u00a0;<\/li>\n<li>Murielle Rivenet, Ma\u00eetre de Conf\u00e9rences \u00e0 l\u2019<a href=\"http:\/\/www.ensc-lille.fr\/\" target=\"_blank\" rel=\"noopener\">\u00c9cole nationale sup\u00e9rieure de chimie de Lille (ENSCL)<\/a> ;<\/li>\n<li>Bernard Sablonniere, Directeur de l\u2019<a href=\"http:\/\/edbsl.univ-lille2.fr\/\" target=\"_blank\" rel=\"noopener\">\u00c9cole Doctorale Biologie-Sant\u00e9<\/a> ;<\/li>\n<li>Philippe Sabot,\u00a0Vice-Pr\u00e9sident Recherche (Sciences Humaines et Sociales) \u00e0 l&rsquo;<a href=\"https:\/\/www.univ-lille.fr\/\" target=\"_blank\" rel=\"noopener\">Universit\u00e9 de Lille<\/a> ;<\/li>\n<li>Lionel Seinturier,\u00a0<a href=\"https:\/\/cristal.univ-lille.fr\/\" target=\"_blank\" rel=\"noopener\"><span class=\"st\">Centre de Recherche en Informatique, Signal et automatique de Lille (CRIStAL) ;<\/span><\/a><\/li>\n<li>Betty Semail, Professeur au <a href=\"http:\/\/l2ep.univ-lille.fr\/\" target=\"_blank\" rel=\"noopener\"><span class=\"detail_value\">Laboratoire d&rsquo;\u00e9lectrotechnique &amp; d&rsquo;\u00e9lectronique de puissance (<\/span><\/a><span class=\"st\">L2EP) \/ <a href=\"http:\/\/www.polytech-lille.fr\/ecole-d-ingenieurs.html#.W-6e8OKNyUk\" target=\"_blank\" rel=\"noopener\">Polytech&rsquo;Lille<\/a> ;<\/span><\/li>\n<li>Anne Tailleux, Coordinatrice de la Graduate School \u00ab\u00a0Sant\u00e9\u00a0\u00bb ;<\/li>\n<li>Nil Toulouse, Vice-Pr\u00e9sidente Recherche Droit, \u00c9conomie et Gestion \u00e0 l&rsquo;<a href=\"https:\/\/www.univ-lille.fr\/\" target=\"_blank\" rel=\"noopener\">Universit\u00e9 de Lille<\/a> ;<\/li>\n<li>Patrick Vermersch, Vice-Pr\u00e9sident Recherche (sant\u00e9) \u00e0 l&rsquo;<a href=\"https:\/\/www.univ-lille.fr\/\" target=\"_blank\" rel=\"noopener\">Universit\u00e9 de Lille.<\/a><\/li>\n<\/ul>\n<p>&nbsp;<\/p>\n<p>Il consulte \u00e9galement ponctuellement un <strong>Comit\u00e9 d\u2019\u00c9valuation Interne<\/strong> (CEI) pour l&rsquo;examen de certaines candidature et opportunit\u00e9s. Il est constitu\u00e9 de :<\/p>\n<ul>\n<li>R\u00e9gis BORDET, Directeur G\u00e9n\u00e9ral de la Fondation I-SITE ULNE ;<\/li>\n<li>Fran\u00e7ois PATTOU, Coordinateur hub \u00ab sant\u00e9 \u00bb\u00a0 ;<\/li>\n<li>Fr\u00e9d\u00e9ric GOTTRAND, Vice-Pr\u00e9sident Recherche au <a href=\"http:\/\/www.chru-lille.fr\/\" target=\"_blank\" rel=\"noopener\">CHU de Lille<\/a> ;<\/li>\n<li>Luc BUEE, Vice-Doyen Recherche Facult\u00e9 de M\u00e9decine de l\u2019<a href=\"https:\/\/www.univ-lille.fr\/\" target=\"_blank\" rel=\"noopener\">Universit\u00e9 de Lille<\/a> ;<\/li>\n<li>Priscille Brodin, DR Inserm au <a href=\"http:\/\/www.ciil.fr\/home\/\" target=\"_blank\" rel=\"noopener\">Centre d&rsquo;infection et d&rsquo;immunit\u00e9 de Lille (CIIL) ;<\/a><\/li>\n<li>Franck DUMEIGNIL, Coordinateur hub \u00ab plan\u00e8te \u00bb de l\u2019I-SITE ;<\/li>\n<li>Clarisse DHAENENS, Vice-Pr\u00e9sidente Recherche (Sciences et Technologies) \u00e0 l&rsquo;<a href=\"https:\/\/www.univ-lille.fr\/\" target=\"_blank\" rel=\"noopener\">Universit\u00e9 de Lille<\/a> ;<\/li>\n<li>Philippe PERNOD, Directeur de la recherche\u00a0et de la valorisation de <a href=\"http:\/\/centralelille.fr\/\" target=\"_blank\" rel=\"noopener\">Centrale Lille<\/a> ;<\/li>\n<li>Yann COELLO, Coordinateur hub \u00ab monde num\u00e9rique \u00bb ;<\/li>\n<li>Marc DOUAY, Directeur du laboratoire de <a href=\"http:\/\/www.phlam.univ-lille1.fr\/\" target=\"_blank\" rel=\"noopener\">Physique des Lasers, Atomes et Mol\u00e9cules (PhLAM)<\/a> et Coordinateur de la Graduate School \u00ab\u00a0monde num\u00e9rique\u00a0\u00bb ;<\/li>\n<li>Philippe SABOT, Vice-Pr\u00e9sident Recherche (Sciences Humaines et Sociales) \u00e0 l&rsquo;<a href=\"https:\/\/www.univ-lille.fr\/\" target=\"_blank\" rel=\"noopener\">Universit\u00e9 de Lille<\/a> ;<\/li>\n<li>Martine BENOIT, Directrice de la <a href=\"https:\/\/www.meshs.fr\/\" target=\"_blank\" rel=\"noopener\">Maison Europ\u00e9enne des Sciences de l\u2019Homme et de la Soci\u00e9t\u00e9 (MESHS)<\/a><\/li>\n<\/ul>\n","protected":false},"excerpt":{"rendered":"<p>Pour renforcer au quotidien la coh\u00e9sion et l\u2019int\u00e9gration de ses membres et favoriser leur engagement dans le projet de transformation, pour garantir \u00e9galement un fonctionnement \u00e0 la fois fluide, r\u00e9actif et efficace, la Fondation I-SITE ULNE s&rsquo;est dot\u00e9e d&rsquo;un Comit\u00e9 de Pilotage constitu\u00e9 de : R\u00e9gis BORDET, Directeur G\u00e9n\u00e9ral de la Fondation I-SITE ULNE\u00a0; Nicolas &hellip; <a href=\"https:\/\/wp-isite.urbiloglabs.fr\/index.php\/fr\/comite-de-pilotage\/\" class=\"more-link\">Continuer la lecture<span class=\"screen-reader-text\"> de &laquo;&nbsp;Comit\u00e9 de pilotage&nbsp;&raquo;<\/span><\/a><\/p>\n","protected":false},"author":2,"featured_media":0,"parent":0,"menu_order":0,"comment_status":"closed","ping_status":"closed","template":"","meta":[],"_links":{"self":[{"href":"https:\/\/wp-isite.urbiloglabs.fr\/index.php\/wp-json\/wp\/v2\/pages\/239"}],"collection":[{"href":"https:\/\/wp-isite.urbiloglabs.fr\/index.php\/wp-json\/wp\/v2\/pages"}],"about":[{"href":"https:\/\/wp-isite.urbiloglabs.fr\/index.php\/wp-json\/wp\/v2\/types\/page"}],"author":[{"embeddable":true,"href":"https:\/\/wp-isite.urbiloglabs.fr\/index.php\/wp-json\/wp\/v2\/users\/2"}],"replies":[{"embeddable":true,"href":"https:\/\/wp-isite.urbiloglabs.fr\/index.php\/wp-json\/wp\/v2\/comments?post=239"}],"version-history":[{"count":15,"href":"https:\/\/wp-isite.urbiloglabs.fr\/index.php\/wp-json\/wp\/v2\/pages\/239\/revisions"}],"predecessor-version":[{"id":4569,"href":"https:\/\/wp-isite.urbiloglabs.fr\/index.php\/wp-json\/wp\/v2\/pages\/239\/revisions\/4569"}],"wp:attachment":[{"href":"https:\/\/wp-isite.urbiloglabs.fr\/index.php\/wp-json\/wp\/v2\/media?parent=239"}],"curies":[{"name":"wp","href":"https:\/\/api.w.org\/{rel}","templated":true}]}}