{"id":363,"date":"2018-02-13T10:49:12","date_gmt":"2018-02-13T09:49:12","guid":{"rendered":"http:\/\/wp-isite.urbiloglabs.fr\/?page_id=363"},"modified":"2018-06-19T00:56:31","modified_gmt":"2018-06-18T22:56:31","slug":"accessibilite","status":"publish","type":"page","link":"https:\/\/wp-isite.urbiloglabs.fr\/index.php\/fr\/accessibilite\/","title":{"rendered":"Accessibilit\u00e9"},"content":{"rendered":"<h2>S\u00e9paration de la forme et du contenu<\/h2>\n<p>L\u2019usage de feuilles de style assure la s\u00e9paration de la mise en forme du site et de son contenu. Cela permet de conserver un ordre de lecture coh\u00e9rent dans la structure de chaque page pour permettre une navigation effective si l\u2019utilisation des CSS est d\u00e9sactiv\u00e9e.<\/p>\n<h2>Navigation<\/h2>\n<p>La touche de tabulation permet d\u2019acc\u00e9der successivement \u00e0 chaque lien du site.<\/p>\n<p>Si malgr\u00e8 nos efforts vous rencontrez des difficult\u00e9s pour naviguer sur notre site, n\u2019h\u00e9sitez pas \u00e0 nous le signaler par mail \u00e0 l\u2019adresse suivante : accessibilite@urbilog.fr<\/p>\n<h2>Taille des textes<\/h2>\n<p>La taille de tous les textes repose sur l\u2019utilisation d\u2019unit\u00e9s relatives, ce qui permet de la modifier dans la plupart des navigateurs. Cette op\u00e9ration peut \u00eatre r\u00e9alis\u00e9e par l\u2019utilisation des commandes suivantes :<\/p>\n<p>Touche \u00ab CTRL \u00bb et \u00ab molette de la souris \u00bb<br \/>\nOu<br \/>\nTouches \u00ab CTRL \u00bb et \u00ab + \u00bb (agrandir la taille du texte) ou \u00ab \u2013 \u00bb (diminuer la taille du texte)<br \/>\nOu<br \/>\nMenus du navigateur : Affichage &gt; Taille du texte<\/p>\n<h2>Menus<\/h2>\n<p>Le menu principal, situ\u00e9 en haut de page, il permet d\u2019en atteindre les rubriques principales.<\/p>\n<p>Le menu de navigation du site est accessible au clavier. Pour le fermer il suffit d\u2019appuyer sur la touche \u00ab echap \u00bb de votre clavier.<\/p>\n<p>Le logo situ\u00e9 dans le header permet de revenir \u00e0 la page d\u2019accueil.<\/p>\n<p>Le plan du site est pr\u00e9sent en bas de chaque page et permet d\u2019acc\u00e9der \u00e0 toutes les sections et sous-sections du site.<\/p>\n<h2>Images et liens<\/h2>\n<p>Les images, graphiques et liens sont explicitement nomm\u00e9s pour une description claire des contenus.<\/p>\n<h2>Lien d\u2019\u00e9vitement<\/h2>\n<p>Le premier lien tabulable sur chaque page permet d\u2019acc\u00e9der directement au contenu principale de celle ci. Dans le cadre d\u2019une navigation au clavier cela permet de gagner du temps en ne naviguant pas dans le header \u00e0 chaque page<\/p>\n","protected":false},"excerpt":{"rendered":"<p>S\u00e9paration de la forme et du contenu L\u2019usage de feuilles de style assure la s\u00e9paration de la mise en forme du site et de son contenu. Cela permet de conserver un ordre de lecture coh\u00e9rent dans la structure de chaque page pour permettre une navigation effective si l\u2019utilisation des CSS est d\u00e9sactiv\u00e9e. Navigation La touche &hellip; <a href=\"https:\/\/wp-isite.urbiloglabs.fr\/index.php\/fr\/accessibilite\/\" class=\"more-link\">Continuer la lecture<span class=\"screen-reader-text\"> de &laquo;&nbsp;Accessibilit\u00e9&nbsp;&raquo;<\/span><\/a><\/p>\n","protected":false},"author":5,"featured_media":0,"parent":0,"menu_order":0,"comment_status":"closed","ping_status":"closed","template":"","meta":[],"_links":{"self":[{"href":"https:\/\/wp-isite.urbiloglabs.fr\/index.php\/wp-json\/wp\/v2\/pages\/363"}],"collection":[{"href":"https:\/\/wp-isite.urbiloglabs.fr\/index.php\/wp-json\/wp\/v2\/pages"}],"about":[{"href":"https:\/\/wp-isite.urbiloglabs.fr\/index.php\/wp-json\/wp\/v2\/types\/page"}],"author":[{"embeddable":true,"href":"https:\/\/wp-isite.urbiloglabs.fr\/index.php\/wp-json\/wp\/v2\/users\/5"}],"replies":[{"embeddable":true,"href":"https:\/\/wp-isite.urbiloglabs.fr\/index.php\/wp-json\/wp\/v2\/comments?post=363"}],"version-history":[{"count":6,"href":"https:\/\/wp-isite.urbiloglabs.fr\/index.php\/wp-json\/wp\/v2\/pages\/363\/revisions"}],"predecessor-version":[{"id":2428,"href":"https:\/\/wp-isite.urbiloglabs.fr\/index.php\/wp-json\/wp\/v2\/pages\/363\/revisions\/2428"}],"wp:attachment":[{"href":"https:\/\/wp-isite.urbiloglabs.fr\/index.php\/wp-json\/wp\/v2\/media?parent=363"}],"curies":[{"name":"wp","href":"https:\/\/api.w.org\/{rel}","templated":true}]}}