{"id":3846,"date":"2018-09-28T12:00:45","date_gmt":"2018-09-28T10:00:45","guid":{"rendered":"http:\/\/wp-isite.urbiloglabs.fr\/?page_id=3846"},"modified":"2018-10-08T14:28:52","modified_gmt":"2018-10-08T12:28:52","slug":"graduate-school-friendly-deep-tech","status":"publish","type":"page","link":"https:\/\/wp-isite.urbiloglabs.fr\/index.php\/fr\/graduate-school-friendly-deep-tech\/","title":{"rendered":"Graduate School \u00ab\u00a0Friendly deep tech\u00a0\u00bb"},"content":{"rendered":"<p><img loading=\"lazy\" class=\"alignleft size-large wp-image-3930\" src=\"https:\/\/wp-isite.urbiloglabs.fr\/wp-content\/uploads\/2018\/10\/GS3_FR-1-1024x196.jpg\" alt=\"\" width=\"840\" height=\"161\" \/><\/p>\n<p>L&rsquo;objectif de la Graduate School \u00abFriendly Deep Tech\u00bb est de former des professionnels aux comp\u00e9tences hybrides dans diff\u00e9rentes domaines scientifiques et technologiques cl\u00e9s, directement li\u00e9s \u00e0 l&rsquo;environnement entrepreneurial et soci\u00e9tal : donn\u00e9es et intelligence artificielle, Internet des objets, photonique, interaction homme-machine, etc.<\/p>\n<p>En appui du Labex et des \u00e9quipements labellis\u00e9s, le programme propose les cours suivants : donn\u00e9es et intelligence artificielle, internet des objets, photonique, cognition et interaction homme-machine. Les sciences humaines et sociales y sont \u00e9galement impliqu\u00e9es. L&rsquo;approche des technologies de la cognition (interaction entre le technologie et les processus mentaux pour \u00e9tudier la cognition) est essentielle. Au sein de cette Graduate School, le Deep Tech Lab occupe une place centrale o\u00f9 les projets de master-doctorat sont men\u00e9s en collaboration avec des laboratoires de recherche, des \u00c9coles d&rsquo;ing\u00e9nieurs et des entreprises. Ponctu\u00e9s d&rsquo;\u00e9v\u00e9nements tels que le Deep Tech Show et le Deep Tech Trophy, les \u00e9tudiants renforcent leurs comp\u00e9tences manag\u00e9riales, le go\u00fbt de la concurrence et de la cr\u00e9ation d&rsquo;entreprise.<\/p>\n<p>Les atouts de la Graduate School \u00abFriendly Deep Tech\u00bb s&rsquo;appuient sur : des \u00e9quipes de recherche d&rsquo;excellence en informatique, math\u00e9matiques, physique, \u00e9lectronique et sciences cognitives, attest\u00e9es notamment par leur participation \u00e0 6 projets nationaux fran\u00e7ais d&rsquo;excellence (<a href=\"http:\/\/math.univ-lille1.fr\/~cempi\/index_eng.php\" target=\"_blank\" rel=\"noopener\">Cempi<\/a>, <a href=\"http:\/\/www.agence-nationale-recherche.fr\/ProjetIA-11-EQPX-0017\" target=\"_blank\" rel=\"noopener\">Flux<\/a>, <a href=\"https:\/\/leaf-equipex.iemn.univ-lille1.fr\/\" target=\"_blank\" rel=\"noopener\">LEAF<\/a>, <a href=\"https:\/\/www.iemn.fr\/actualites\/projet-excelsior-2.html\" target=\"_blank\" rel=\"noopener\">EXCELSIOR<\/a>, <a href=\"https:\/\/fit-equipex.fr\/\" target=\"_blank\" rel=\"noopener\">FIT<\/a> et <a href=\"http:\/\/www.irdive.fr\/?page_id=9&amp;lang=fr\" target=\"_blank\" rel=\"noopener\">IrDIVE<\/a>), 5 projets ERC et 8 projets europ\u00e9ens (y compris Graphene et Quantum Flagships).<\/p>\n<p>&nbsp;<\/p>\n<p class=\"paragraph-orange\">Coordinateur : <a href=\"mailto:Marc.DOUAY@univ-lille1.fr\" target=\"_blank\" rel=\"noopener\">Marc Douay<\/a><\/p>\n","protected":false},"excerpt":{"rendered":"<p>L&rsquo;objectif de la Graduate School \u00abFriendly Deep Tech\u00bb est de former des professionnels aux comp\u00e9tences hybrides dans diff\u00e9rentes domaines scientifiques et technologiques cl\u00e9s, directement li\u00e9s \u00e0 l&rsquo;environnement entrepreneurial et soci\u00e9tal : donn\u00e9es et intelligence artificielle, Internet des objets, photonique, interaction homme-machine, etc. En appui du Labex et des \u00e9quipements labellis\u00e9s, le programme propose les cours &hellip; <a href=\"https:\/\/wp-isite.urbiloglabs.fr\/index.php\/fr\/graduate-school-friendly-deep-tech\/\" class=\"more-link\">Continuer la lecture<span class=\"screen-reader-text\"> de &laquo;&nbsp;Graduate School \u00ab\u00a0Friendly deep tech\u00a0\u00bb&nbsp;&raquo;<\/span><\/a><\/p>\n","protected":false},"author":2,"featured_media":0,"parent":0,"menu_order":0,"comment_status":"closed","ping_status":"closed","template":"","meta":[],"_links":{"self":[{"href":"https:\/\/wp-isite.urbiloglabs.fr\/index.php\/wp-json\/wp\/v2\/pages\/3846"}],"collection":[{"href":"https:\/\/wp-isite.urbiloglabs.fr\/index.php\/wp-json\/wp\/v2\/pages"}],"about":[{"href":"https:\/\/wp-isite.urbiloglabs.fr\/index.php\/wp-json\/wp\/v2\/types\/page"}],"author":[{"embeddable":true,"href":"https:\/\/wp-isite.urbiloglabs.fr\/index.php\/wp-json\/wp\/v2\/users\/2"}],"replies":[{"embeddable":true,"href":"https:\/\/wp-isite.urbiloglabs.fr\/index.php\/wp-json\/wp\/v2\/comments?post=3846"}],"version-history":[{"count":4,"href":"https:\/\/wp-isite.urbiloglabs.fr\/index.php\/wp-json\/wp\/v2\/pages\/3846\/revisions"}],"predecessor-version":[{"id":3931,"href":"https:\/\/wp-isite.urbiloglabs.fr\/index.php\/wp-json\/wp\/v2\/pages\/3846\/revisions\/3931"}],"wp:attachment":[{"href":"https:\/\/wp-isite.urbiloglabs.fr\/index.php\/wp-json\/wp\/v2\/media?parent=3846"}],"curies":[{"name":"wp","href":"https:\/\/api.w.org\/{rel}","templated":true}]}}