{"id":4311,"date":"2019-01-29T10:46:42","date_gmt":"2019-01-29T09:46:42","guid":{"rendered":"http:\/\/wp-isite.urbiloglabs.fr\/?page_id=4311"},"modified":"2019-01-29T11:23:14","modified_gmt":"2019-01-29T10:23:14","slug":"charte-de-signature-des-publications","status":"publish","type":"page","link":"https:\/\/wp-isite.urbiloglabs.fr\/index.php\/fr\/charte-de-signature-des-publications\/","title":{"rendered":"Charte de signature des publications"},"content":{"rendered":"<p>Les articles publi\u00e9s dans le cadre d&rsquo;un projet financ\u00e9 par l&rsquo;I-SITE ULNE doivent imp\u00e9rativement respecter la charte de signature unique sign\u00e9e par les \u00e9tablissements :<\/p>\n<p><a href=\"https:\/\/wp-isite.urbiloglabs.fr\/wp-content\/uploads\/2019\/01\/ULille-Charte-signature-publications-2016.pdf\"><i class=\"wp-svg-file-4 file-4\"><\/i> Charte de signature unique des publications<\/a><\/p>\n<p>&nbsp;<\/p>\n<p><strong>Les articles doivent \u00e9galement faire r\u00e9f\u00e9rence au financement de l&rsquo;I-SITE ULNE dans les remerciements sous la forme suivante :<\/strong><\/p>\n<p><em>Cette \u00e9tude a \u00e9t\u00e9 r\u00e9alis\u00e9e avec le soutien financier de l\u2019\u00c9tat fran\u00e7ais dans le cadre du Programme\u00a0 \u00abInvestissements d&rsquo; avenir\u00bb\u00a0(I-SITE ULNE \/ ANR-16-IDEX-0004 ULNE) g\u00e9r\u00e9 par l&rsquo; Agence Nationale de la Recherche fran\u00e7aise (ANR).<\/em><\/p>\n<p><em>This study was supported by the French government through the Programme Investissement d&rsquo;Avenir (I-SITE ULNE \/ ANR-16-IDEX-0004 ULNE) managed by the Agence Nationale de la Recherche.<\/em><\/p>\n<p>&nbsp;<\/p>\n<p>en cas de double financement du PIA :<\/p>\n<p><em>Cette \u00e9tude a \u00e9t\u00e9 r\u00e9alis\u00e9e avec le soutien de l\u2019\u00c9tat fran\u00e7ais REF LABEX\/EQUIPEX, un financement g\u00e9r\u00e9 par l&rsquo;Agence Nationale de la Recherche fran\u00e7aise (ANR) dans le cadre du programme des Investissements d&rsquo;Avenir <span lang=\"EN-US\">I-SITE ULNE \/ ANR-16-IDEX-0004 ULNE.<\/span><\/em><\/p>\n<p><em><span lang=\"EN-US\">This study was supported by <span id=\"DWT1007\" class=\"ZmSearchResult\"><span id=\"DWT1042\" class=\"ZmSearchResult\">the<\/span><\/span> grant <span class=\"il\">(REF LABEX\/EQUIPEX)<\/span>, a French State fund managed by <span id=\"DWT1009\" class=\"ZmSearchResult\"><span id=\"DWT1044\" class=\"ZmSearchResult\">the<\/span><\/span> Agence Nationale de la Recherche <span id=\"DWT1011\" class=\"ZmSearchResult\"><span id=\"DWT1046\" class=\"ZmSearchResult\">under<\/span><\/span> <span id=\"DWT1013\" class=\"ZmSearchResult\"><span id=\"DWT1048\" class=\"ZmSearchResult\">the<\/span><\/span> <span id=\"DWT1015\" class=\"ZmSearchResult\"><span id=\"DWT1050\" class=\"ZmSearchResult\">frame<\/span><\/span> program Investissements d\u2019Avenir <\/span><span lang=\"EN-US\">I-SITE ULNE \/ ANR-16-IDEX-0004 ULNE.<\/span><\/em><\/p>\n","protected":false},"excerpt":{"rendered":"<p>Les articles publi\u00e9s dans le cadre d&rsquo;un projet financ\u00e9 par l&rsquo;I-SITE ULNE doivent imp\u00e9rativement respecter la charte de signature unique sign\u00e9e par les \u00e9tablissements : Charte de signature unique des publications &nbsp; Les articles doivent \u00e9galement faire r\u00e9f\u00e9rence au financement de l&rsquo;I-SITE ULNE dans les remerciements sous la forme suivante : Cette \u00e9tude a \u00e9t\u00e9 &hellip; <a href=\"https:\/\/wp-isite.urbiloglabs.fr\/index.php\/fr\/charte-de-signature-des-publications\/\" class=\"more-link\">Continuer la lecture<span class=\"screen-reader-text\"> de &laquo;&nbsp;Charte de signature des publications&nbsp;&raquo;<\/span><\/a><\/p>\n","protected":false},"author":2,"featured_media":0,"parent":0,"menu_order":0,"comment_status":"closed","ping_status":"closed","template":"","meta":[],"_links":{"self":[{"href":"https:\/\/wp-isite.urbiloglabs.fr\/index.php\/wp-json\/wp\/v2\/pages\/4311"}],"collection":[{"href":"https:\/\/wp-isite.urbiloglabs.fr\/index.php\/wp-json\/wp\/v2\/pages"}],"about":[{"href":"https:\/\/wp-isite.urbiloglabs.fr\/index.php\/wp-json\/wp\/v2\/types\/page"}],"author":[{"embeddable":true,"href":"https:\/\/wp-isite.urbiloglabs.fr\/index.php\/wp-json\/wp\/v2\/users\/2"}],"replies":[{"embeddable":true,"href":"https:\/\/wp-isite.urbiloglabs.fr\/index.php\/wp-json\/wp\/v2\/comments?post=4311"}],"version-history":[{"count":4,"href":"https:\/\/wp-isite.urbiloglabs.fr\/index.php\/wp-json\/wp\/v2\/pages\/4311\/revisions"}],"predecessor-version":[{"id":4322,"href":"https:\/\/wp-isite.urbiloglabs.fr\/index.php\/wp-json\/wp\/v2\/pages\/4311\/revisions\/4322"}],"wp:attachment":[{"href":"https:\/\/wp-isite.urbiloglabs.fr\/index.php\/wp-json\/wp\/v2\/media?parent=4311"}],"curies":[{"name":"wp","href":"https:\/\/api.w.org\/{rel}","templated":true}]}}